{"id":4825,"date":"2023-01-27T18:24:05","date_gmt":"2023-01-27T16:24:05","guid":{"rendered":"https:\/\/www.tartanga.eus\/educational-training\/professional-certificates\/integracion-social\/"},"modified":"2025-06-26T11:37:16","modified_gmt":"2025-06-26T10:37:16","slug":"social-integration","status":"publish","type":"page","link":"https:\/\/www.tartanga.eus\/en\/educational-training\/grade-c-certificates\/social-integration\/","title":{"rendered":"Social Integration"},"content":{"rendered":"<h3><strong>Integraci\u00f3n Social<\/strong><\/h3>\n<p>La oferta parcial de Formaci\u00f3n Inicial est\u00e1 dirigida a personas que quieran completar un t\u00edtulo o cursarlo por itinerarios. Es gratuita y los itinerarios formativos se desarrollan a lo largo de un curso escolar, de lunes a jueves, de 16:00 a 21:00 horas.<\/p>\n<p><strong>Itinerario del ciclo formativo LOE de grado superior de INTEGRACI\u00d3N SOCIAL con los siguientes m\u00f3dulos:<\/strong><\/p>\n<ul>\n<li>Primeros auxilios<\/li>\n<li>Inserci\u00f3n socio-laboral<\/li>\n<li>Mediaci\u00f3n comunitaria<\/li>\n<li>Empresa e Iniciativa Emprendedora<\/li>\n<\/ul>\n<p>MODELO: A(Castellano)<\/p>\n","protected":false},"excerpt":{"rendered":"<p>Integraci\u00f3n Social La oferta parcial de Formaci\u00f3n Inicial est\u00e1 dirigida a personas que quieran completar un t\u00edtulo o cursarlo por itinerarios. Es gratuita y los itinerarios formativos se desarrollan a lo largo de un curso escolar, de lunes a jueves, de 16:00 a 21:00 horas. Itinerario del ciclo formativo LOE de grado superior de INTEGRACI\u00d3N [&hellip;]<\/p>\n","protected":false},"author":1,"featured_media":4553,"parent":4815,"menu_order":0,"comment_status":"closed","ping_status":"closed","template":"oferta-parcial.php","meta":{"footnotes":""},"class_list":["post-4825","page","type-page","status-publish","has-post-thumbnail","hentry"],"acf":[],"_links":{"self":[{"href":"https:\/\/www.tartanga.eus\/en\/wp-json\/wp\/v2\/pages\/4825","targetHints":{"allow":["GET"]}}],"collection":[{"href":"https:\/\/www.tartanga.eus\/en\/wp-json\/wp\/v2\/pages"}],"about":[{"href":"https:\/\/www.tartanga.eus\/en\/wp-json\/wp\/v2\/types\/page"}],"author":[{"embeddable":true,"href":"https:\/\/www.tartanga.eus\/en\/wp-json\/wp\/v2\/users\/1"}],"replies":[{"embeddable":true,"href":"https:\/\/www.tartanga.eus\/en\/wp-json\/wp\/v2\/comments?post=4825"}],"version-history":[{"count":3,"href":"https:\/\/www.tartanga.eus\/en\/wp-json\/wp\/v2\/pages\/4825\/revisions"}],"predecessor-version":[{"id":5284,"href":"https:\/\/www.tartanga.eus\/en\/wp-json\/wp\/v2\/pages\/4825\/revisions\/5284"}],"up":[{"embeddable":true,"href":"https:\/\/www.tartanga.eus\/en\/wp-json\/wp\/v2\/pages\/4815"}],"wp:featuredmedia":[{"embeddable":true,"href":"https:\/\/www.tartanga.eus\/en\/wp-json\/wp\/v2\/media\/4553"}],"wp:attachment":[{"href":"https:\/\/www.tartanga.eus\/en\/wp-json\/wp\/v2\/media?parent=4825"}],"curies":[{"name":"wp","href":"https:\/\/api.w.org\/{rel}","templated":true}]}}

<h3><strong>Integración Social</strong></h3>
<p>La oferta parcial de Formación Inicial está dirigida a personas que quieran completar un título o cursarlo por itinerarios. Es gratuita y los itinerarios formativos se desarrollan a lo largo de un curso escolar, de lunes a jueves, de 16:00 a 21:00 horas.</p>
<p><strong>Itinerario del ciclo formativo LOE de grado superior de INTEGRACIÓN SOCIAL con los siguientes módulos:</strong></p>
<ul>
<li>Primeros auxilios</li>
<li>Inserción socio-laboral</li>
<li>Mediación comunitaria</li>
<li>Empresa e Iniciativa Emprendedora</li>
</ul>
<p>MODELO: A(Castellano)</p>

<p>Integración Social La oferta parcial de Formación Inicial está dirigida a personas que quieran completar un título o cursarlo por itinerarios. Es gratuita y los itinerarios formativos se desarrollan a lo largo de un curso escolar, de lunes a jueves, de 16:00 a 21:00 horas. Itinerario del ciclo formativo LOE de grado superior de INTEGRACIÓN [&hellip;]</p>
